{"id":154,"date":"2026-03-28T10:00:56","date_gmt":"2026-03-28T10:00:56","guid":{"rendered":"https:\/\/mfsmarin.com\/recenzije\/"},"modified":"2026-04-03T11:03:28","modified_gmt":"2026-04-03T11:03:28","slug":"recenzije","status":"publish","type":"page","link":"https:\/\/mfsmarin.com\/?page_id=154","title":{"rendered":"Recenzije"},"content":{"rendered":"\t\t<div data-elementor-type=\"wp-page\" data-elementor-id=\"154\" class=\"elementor elementor-154\">\n\t\t\t\t<div class=\"elementor-element elementor-element-798fdab e-con-full e-flex e-con e-parent\" data-id=\"798fdab\" data-element_type=\"container\" data-e-type=\"container\">\n\t\t\t\t<div class=\"elementor-element elementor-element-8493a56 elementor-widget elementor-widget-heading\" data-id=\"8493a56\" data-element_type=\"widget\" data-e-type=\"widget\" data-widget_type=\"heading.default\">\n\t\t\t\t\t<h2 class=\"elementor-heading-title elementor-size-default\">Preciznost koju na\u0161i klijenti prepoznaju<\/h2>\t\t\t\t<\/div>\n\t\t\t\t<\/div>\n\t\t<div class=\"elementor-element elementor-element-ef1e288 e-grid e-con-boxed e-con e-parent\" data-id=\"ef1e288\" data-element_type=\"container\" data-e-type=\"container\">\n\t\t\t\t\t<div class=\"e-con-inner\">\n\t\t\t\t<div class=\"elementor-element elementor-element-ecf1f98 elementor-widget elementor-widget-image\" data-id=\"ecf1f98\" data-element_type=\"widget\" data-e-type=\"widget\" data-widget_type=\"image.default\">\n\t\t\t\t\t\t\t\t\t\t\t\t\t\t\t<img decoding=\"async\" width=\"150\" height=\"150\" src=\"https:\/\/mfsmarin.com\/wp-content\/uploads\/2026\/04\/Marin-recenzije-prvi-150x150.jpg\" class=\"attachment-thumbnail size-thumbnail wp-image-459\" alt=\"\" \/>\t\t\t\t\t\t\t\t\t\t\t\t\t\t\t<\/div>\n\t\t\t\t<div class=\"elementor-element elementor-element-c40b0db elementor-widget elementor-widget-text-editor\" data-id=\"c40b0db\" data-element_type=\"widget\" data-e-type=\"widget\" data-widget_type=\"text-editor.default\">\n\t\t\t\t\t\t\t\t\t<p><span style=\"color: #ffffff;\">\u2b50\u2b50\u2b50\u2b50\u2b50 <br \/>\u201cBrzo, precizno i bez gre\u0161ke. Najbolji fade koji sam imao.\u201d<br \/>\u2013 I. P.<\/span><\/p>\t\t\t\t\t\t\t\t<\/div>\n\t\t\t\t<div class=\"elementor-element elementor-element-c0a65ec elementor-widget elementor-widget-image\" data-id=\"c0a65ec\" data-element_type=\"widget\" data-e-type=\"widget\" data-widget_type=\"image.default\">\n\t\t\t\t\t\t\t\t\t\t\t\t\t\t\t<img decoding=\"async\" width=\"150\" height=\"150\" src=\"https:\/\/mfsmarin.com\/wp-content\/uploads\/2026\/04\/Marin-rezervacije-3-150x150.jpg\" class=\"attachment-thumbnail size-thumbnail wp-image-461\" alt=\"\" \/>\t\t\t\t\t\t\t\t\t\t\t\t\t\t\t<\/div>\n\t\t\t\t<div class=\"elementor-element elementor-element-d6f1ea9 elementor-widget elementor-widget-text-editor\" data-id=\"d6f1ea9\" data-element_type=\"widget\" data-e-type=\"widget\" data-widget_type=\"text-editor.default\">\n\t\t\t\t\t\t\t\t\t<p><span style=\"color: #ffffff;\">\u2b50\u2b50\u2b50\u2b50\u2b50 <br \/>\u201cOdli\u010dna atmosfera i jo\u0161 bolja usluga. Dolazim redovno.\u201d<br \/>\u2013 M. T.<\/span><\/p>\t\t\t\t\t\t\t\t<\/div>\n\t\t\t\t<div class=\"elementor-element elementor-element-9dd51a2 elementor-widget elementor-widget-image\" data-id=\"9dd51a2\" data-element_type=\"widget\" data-e-type=\"widget\" data-widget_type=\"image.default\">\n\t\t\t\t\t\t\t\t\t\t\t\t\t\t\t<img decoding=\"async\" width=\"150\" height=\"150\" src=\"https:\/\/mfsmarin.com\/wp-content\/uploads\/2026\/04\/Marin-rezervacija-2-150x150.webp\" class=\"attachment-thumbnail size-thumbnail wp-image-460\" alt=\"\" \/>\t\t\t\t\t\t\t\t\t\t\t\t\t\t\t<\/div>\n\t\t\t\t<div class=\"elementor-element elementor-element-1e007d5 elementor-widget elementor-widget-text-editor\" data-id=\"1e007d5\" data-element_type=\"widget\" data-e-type=\"widget\" data-widget_type=\"text-editor.default\">\n\t\t\t\t\t\t\t\t\t<p><span style=\"color: #ffffff;\">\u2b50\u2b50\u2b50\u2b50\u2b50 <\/span><br \/><span style=\"color: #ffffff;\">\u201cTop usluga i odli\u010dan rezultat.\u201d<\/span><br \/><span style=\"color: #ffffff;\">\u2013 A. P.<\/span><\/p>\t\t\t\t\t\t\t\t<\/div>\n\t\t\t\t\t<\/div>\n\t\t\t\t<\/div>\n\t\t<div class=\"elementor-element elementor-element-fe65f21 e-grid e-con-boxed e-con e-parent\" data-id=\"fe65f21\" data-element_type=\"container\" data-e-type=\"container\">\n\t\t\t\t\t<div class=\"e-con-inner\">\n\t\t\t\t<div class=\"elementor-element elementor-element-ea60c36 elementor-widget elementor-widget-image\" data-id=\"ea60c36\" data-element_type=\"widget\" data-e-type=\"widget\" data-widget_type=\"image.default\">\n\t\t\t\t\t\t\t\t\t\t\t\t\t\t\t<img loading=\"lazy\" decoding=\"async\" width=\"150\" height=\"150\" src=\"https:\/\/mfsmarin.com\/wp-content\/uploads\/2026\/04\/Marin-rezervacija-3-150x150.webp\" class=\"attachment-thumbnail size-thumbnail wp-image-465\" alt=\"\" \/>\t\t\t\t\t\t\t\t\t\t\t\t\t\t\t<\/div>\n\t\t\t\t<div class=\"elementor-element elementor-element-d8057d3 elementor-widget elementor-widget-text-editor\" data-id=\"d8057d3\" data-element_type=\"widget\" data-e-type=\"widget\" data-widget_type=\"text-editor.default\">\n\t\t\t\t\t\t\t\t\t<p>\u2b50\u2b50\u2b50\u2b50\u2b50 <br \/><span style=\"color: #ffffff;\">\u201cProfesionalno, brzo i pouzdano.\u201d<\/span><br \/><span style=\"color: #ffffff;\">\u2013 S. K.<\/span><\/p>\t\t\t\t\t\t\t\t<\/div>\n\t\t\t\t<div class=\"elementor-element elementor-element-bf7712b elementor-widget elementor-widget-image\" data-id=\"bf7712b\" data-element_type=\"widget\" data-e-type=\"widget\" data-widget_type=\"image.default\">\n\t\t\t\t\t\t\t\t\t\t\t\t\t\t\t<img loading=\"lazy\" decoding=\"async\" width=\"150\" height=\"150\" src=\"https:\/\/mfsmarin.com\/wp-content\/uploads\/2026\/04\/Marin-rezervacija-4-150x150.jpeg\" class=\"attachment-thumbnail size-thumbnail wp-image-466\" alt=\"\" \/>\t\t\t\t\t\t\t\t\t\t\t\t\t\t\t<\/div>\n\t\t\t\t<div class=\"elementor-element elementor-element-86adf9d elementor-widget elementor-widget-text-editor\" data-id=\"86adf9d\" data-element_type=\"widget\" data-e-type=\"widget\" data-widget_type=\"text-editor.default\">\n\t\t\t\t\t\t\t\t\t<p><span style=\"color: #ffffff;\">\u2b50\u2b50\u2b50\u2b50\u2b50 <br \/>\u201cDetalji odra\u0111eni perfektno. Top rezultat.\u201d<br \/>\u2013 D. P.<\/span><\/p>\t\t\t\t\t\t\t\t<\/div>\n\t\t\t\t<div class=\"elementor-element elementor-element-022f272 elementor-widget elementor-widget-image\" data-id=\"022f272\" data-element_type=\"widget\" data-e-type=\"widget\" data-widget_type=\"image.default\">\n\t\t\t\t\t\t\t\t\t\t\t\t\t\t\t<img loading=\"lazy\" decoding=\"async\" width=\"150\" height=\"150\" src=\"https:\/\/mfsmarin.com\/wp-content\/uploads\/2026\/04\/Marin-rezervacija-5-150x150.jpeg\" class=\"attachment-thumbnail size-thumbnail wp-image-467\" alt=\"\" \/>\t\t\t\t\t\t\t\t\t\t\t\t\t\t\t<\/div>\n\t\t\t\t<div class=\"elementor-element elementor-element-24b8686 elementor-widget elementor-widget-text-editor\" data-id=\"24b8686\" data-element_type=\"widget\" data-e-type=\"widget\" data-widget_type=\"text-editor.default\">\n\t\t\t\t\t\t\t\t\t<p><span style=\"color: #ffffff;\">\u2b50\u2b50\u2b50\u2b50\u2b50 <\/span><br \/><span style=\"color: #ffffff;\">\u201cSavr\u0161ena frizura svaki put. Bez razmi\u0161ljanja dolazim opet.\u201d<\/span><br \/><span style=\"color: #ffffff;\">\u2013 I. V.<\/span><\/p>\t\t\t\t\t\t\t\t<\/div>\n\t\t\t\t\t<\/div>\n\t\t\t\t<\/div>\n\t\t<div class=\"elementor-element elementor-element-311a3b9 e-flex e-con-boxed e-con e-parent\" data-id=\"311a3b9\" data-element_type=\"container\" data-e-type=\"container\">\n\t\t\t\t\t<div class=\"e-con-inner\">\n\t\t\t\t\t<\/div>\n\t\t\t\t<\/div>\n\t\t\t\t<\/div>\n\t\t","protected":false},"excerpt":{"rendered":"<p>Preciznost koju na\u0161i klijenti prepoznaju \u2b50\u2b50\u2b50\u2b50\u2b50 \u201cBrzo, precizno i bez gre\u0161ke. Najbolji fade koji sam imao.\u201d\u2013 I. P. \u2b50\u2b50\u2b50\u2b50\u2b50 \u201cOdli\u010dna [&hellip;]<\/p>\n","protected":false},"author":1,"featured_media":273,"parent":6,"menu_order":0,"comment_status":"closed","ping_status":"closed","template":"","meta":{"site-sidebar-layout":"no-sidebar","site-content-layout":"","ast-site-content-layout":"full-width-container","site-content-style":"default","site-sidebar-style":"default","ast-global-header-display":"","ast-banner-title-visibility":"","ast-main-header-display":"","ast-hfb-above-header-display":"","ast-hfb-below-header-display":"","ast-hfb-mobile-header-display":"","site-post-title":"disabled","ast-breadcrumbs-content":"","ast-featured-img":"disabled","footer-sml-layout":"","ast-disable-related-posts":"","theme-transparent-header-meta":"","adv-header-id-meta":"","stick-header-meta":"","header-above-stick-meta":"","header-main-stick-meta":"","header-below-stick-meta":"","astra-migrate-meta-layouts":"default","ast-page-background-enabled":"default","ast-page-background-meta":{"desktop":{"background-color":"var(--ast-global-color-5)","background-image":"","background-repeat":"repeat","background-position":"center center","background-size":"auto","background-attachment":"scroll","background-type":"","background-media":"","overlay-type":"","overlay-color":"","overlay-opacity":"","overlay-gradient":""},"tablet":{"background-color":"","background-image":"","background-repeat":"repeat","background-position":"center center","background-size":"auto","background-attachment":"scroll","background-type":"","background-media":"","overlay-type":"","overlay-color":"","overlay-opacity":"","overlay-gradient":""},"mobile":{"background-color":"","background-image":"","background-repeat":"repeat","background-position":"center center","background-size":"auto","background-attachment":"scroll","background-type":"","background-media":"","overlay-type":"","overlay-color":"","overlay-opacity":"","overlay-gradient":""}},"ast-content-background-meta":{"desktop":{"background-color":"var(--ast-global-color-4)","background-image":"","background-repeat":"repeat","background-position":"center center","background-size":"auto","background-attachment":"scroll","background-type":"","background-media":"","overlay-type":"","overlay-color":"","overlay-opacity":"","overlay-gradient":""},"tablet":{"background-color":"var(--ast-global-color-4)","background-image":"","background-repeat":"repeat","background-position":"center center","background-size":"auto","background-attachment":"scroll","background-type":"","background-media":"","overlay-type":"","overlay-color":"","overlay-opacity":"","overlay-gradient":""},"mobile":{"background-color":"var(--ast-global-color-4)","background-image":"","background-repeat":"repeat","background-position":"center center","background-size":"auto","background-attachment":"scroll","background-type":"","background-media":"","overlay-type":"","overlay-color":"","overlay-opacity":"","overlay-gradient":""}},"footnotes":""},"class_list":["post-154","page","type-page","status-publish","has-post-thumbnail","hentry"],"yoast_head":"<!-- This site is optimized with the Yoast SEO plugin v27.3 - https:\/\/yoast.com\/product\/yoast-seo-wordpress\/ -->\n<title>Recenzije - Mu\u0161ki frizerski salon Marin<\/title>\n<meta name=\"robots\" content=\"index, follow, max-snippet:-1, max-image-preview:large, max-video-preview:-1\" \/>\n<link rel=\"canonical\" href=\"https:\/\/mfsmarin.com\/?page_id=154\" \/>\n<meta property=\"og:locale\" content=\"hr_HR\" \/>\n<meta property=\"og:type\" content=\"article\" \/>\n<meta property=\"og:title\" content=\"Recenzije - Mu\u0161ki frizerski salon Marin\" \/>\n<meta property=\"og:description\" content=\"Preciznost koju na\u0161i klijenti prepoznaju \u2b50\u2b50\u2b50\u2b50\u2b50 \u201cBrzo, precizno i bez gre\u0161ke. Najbolji fade koji sam imao.\u201d\u2013 I. P. \u2b50\u2b50\u2b50\u2b50\u2b50 \u201cOdli\u010dna [&hellip;]\" \/>\n<meta property=\"og:url\" content=\"https:\/\/mfsmarin.com\/?page_id=154\" \/>\n<meta property=\"og:site_name\" content=\"Mu\u0161ki frizerski salon Marin\" \/>\n<meta property=\"article:modified_time\" content=\"2026-04-03T11:03:28+00:00\" \/>\n<meta property=\"og:image\" content=\"https:\/\/mfsmarin.com\/wp-content\/uploads\/2026\/03\/Marin-1.jpeg\" \/>\n\t<meta property=\"og:image:width\" content=\"1536\" \/>\n\t<meta property=\"og:image:height\" content=\"2048\" \/>\n\t<meta property=\"og:image:type\" content=\"image\/jpeg\" \/>\n<meta name=\"twitter:card\" content=\"summary_large_image\" \/>\n<script type=\"application\/ld+json\" class=\"yoast-schema-graph\">{\"@context\":\"https:\\\/\\\/schema.org\",\"@graph\":[{\"@type\":\"WebPage\",\"@id\":\"https:\\\/\\\/mfsmarin.com\\\/?page_id=154\",\"url\":\"https:\\\/\\\/mfsmarin.com\\\/?page_id=154\",\"name\":\"Recenzije - Mu\u0161ki frizerski salon Marin\",\"isPartOf\":{\"@id\":\"https:\\\/\\\/mfsmarin.com\\\/#website\"},\"primaryImageOfPage\":{\"@id\":\"https:\\\/\\\/mfsmarin.com\\\/?page_id=154#primaryimage\"},\"image\":{\"@id\":\"https:\\\/\\\/mfsmarin.com\\\/?page_id=154#primaryimage\"},\"thumbnailUrl\":\"https:\\\/\\\/mfsmarin.com\\\/wp-content\\\/uploads\\\/2026\\\/03\\\/Marin-1.jpeg\",\"datePublished\":\"2026-03-28T10:00:56+00:00\",\"dateModified\":\"2026-04-03T11:03:28+00:00\",\"breadcrumb\":{\"@id\":\"https:\\\/\\\/mfsmarin.com\\\/?page_id=154#breadcrumb\"},\"inLanguage\":\"hr\",\"potentialAction\":[{\"@type\":\"ReadAction\",\"target\":[\"https:\\\/\\\/mfsmarin.com\\\/?page_id=154\"]}]},{\"@type\":\"ImageObject\",\"inLanguage\":\"hr\",\"@id\":\"https:\\\/\\\/mfsmarin.com\\\/?page_id=154#primaryimage\",\"url\":\"https:\\\/\\\/mfsmarin.com\\\/wp-content\\\/uploads\\\/2026\\\/03\\\/Marin-1.jpeg\",\"contentUrl\":\"https:\\\/\\\/mfsmarin.com\\\/wp-content\\\/uploads\\\/2026\\\/03\\\/Marin-1.jpeg\",\"width\":1536,\"height\":2048},{\"@type\":\"BreadcrumbList\",\"@id\":\"https:\\\/\\\/mfsmarin.com\\\/?page_id=154#breadcrumb\",\"itemListElement\":[{\"@type\":\"ListItem\",\"position\":1,\"name\":\"Po\u010detna stranica\",\"item\":\"https:\\\/\\\/mfsmarin.com\\\/\"},{\"@type\":\"ListItem\",\"position\":2,\"name\":\"Po\u010detna\",\"item\":\"https:\\\/\\\/mfsmarin.com\\\/\"},{\"@type\":\"ListItem\",\"position\":3,\"name\":\"Recenzije\"}]},{\"@type\":\"WebSite\",\"@id\":\"https:\\\/\\\/mfsmarin.com\\\/#website\",\"url\":\"https:\\\/\\\/mfsmarin.com\\\/\",\"name\":\"Mu\u0161ki frizerski salon Marin\",\"description\":\"Va\u0161 stil na\u0161a strast - Savr\u0161ena frizura za svaki trenutak\",\"publisher\":{\"@id\":\"https:\\\/\\\/mfsmarin.com\\\/#organization\"},\"potentialAction\":[{\"@type\":\"SearchAction\",\"target\":{\"@type\":\"EntryPoint\",\"urlTemplate\":\"https:\\\/\\\/mfsmarin.com\\\/?s={search_term_string}\"},\"query-input\":{\"@type\":\"PropertyValueSpecification\",\"valueRequired\":true,\"valueName\":\"search_term_string\"}}],\"inLanguage\":\"hr\"},{\"@type\":\"Organization\",\"@id\":\"https:\\\/\\\/mfsmarin.com\\\/#organization\",\"name\":\"Mu\u0161ki frizerski salon Marin\",\"url\":\"https:\\\/\\\/mfsmarin.com\\\/\",\"logo\":{\"@type\":\"ImageObject\",\"inLanguage\":\"hr\",\"@id\":\"https:\\\/\\\/mfsmarin.com\\\/#\\\/schema\\\/logo\\\/image\\\/\",\"url\":\"https:\\\/\\\/mfsmarin.com\\\/wp-content\\\/uploads\\\/2026\\\/03\\\/Marin-logo.jpeg\",\"contentUrl\":\"https:\\\/\\\/mfsmarin.com\\\/wp-content\\\/uploads\\\/2026\\\/03\\\/Marin-logo.jpeg\",\"width\":1024,\"height\":1024,\"caption\":\"Mu\u0161ki frizerski salon Marin\"},\"image\":{\"@id\":\"https:\\\/\\\/mfsmarin.com\\\/#\\\/schema\\\/logo\\\/image\\\/\"},\"sameAs\":[\"https:\\\/\\\/www.instagram.com\\\/frizerski.salon.marin\\\/\"]}]}<\/script>\n<!-- \/ Yoast SEO plugin. -->","yoast_head_json":{"title":"Recenzije - Mu\u0161ki frizerski salon Marin","robots":{"index":"index","follow":"follow","max-snippet":"max-snippet:-1","max-image-preview":"max-image-preview:large","max-video-preview":"max-video-preview:-1"},"canonical":"https:\/\/mfsmarin.com\/?page_id=154","og_locale":"hr_HR","og_type":"article","og_title":"Recenzije - Mu\u0161ki frizerski salon Marin","og_description":"Preciznost koju na\u0161i klijenti prepoznaju \u2b50\u2b50\u2b50\u2b50\u2b50 \u201cBrzo, precizno i bez gre\u0161ke. Najbolji fade koji sam imao.\u201d\u2013 I. P. \u2b50\u2b50\u2b50\u2b50\u2b50 \u201cOdli\u010dna [&hellip;]","og_url":"https:\/\/mfsmarin.com\/?page_id=154","og_site_name":"Mu\u0161ki frizerski salon Marin","article_modified_time":"2026-04-03T11:03:28+00:00","og_image":[{"width":1536,"height":2048,"url":"https:\/\/mfsmarin.com\/wp-content\/uploads\/2026\/03\/Marin-1.jpeg","type":"image\/jpeg"}],"twitter_card":"summary_large_image","schema":{"@context":"https:\/\/schema.org","@graph":[{"@type":"WebPage","@id":"https:\/\/mfsmarin.com\/?page_id=154","url":"https:\/\/mfsmarin.com\/?page_id=154","name":"Recenzije - Mu\u0161ki frizerski salon Marin","isPartOf":{"@id":"https:\/\/mfsmarin.com\/#website"},"primaryImageOfPage":{"@id":"https:\/\/mfsmarin.com\/?page_id=154#primaryimage"},"image":{"@id":"https:\/\/mfsmarin.com\/?page_id=154#primaryimage"},"thumbnailUrl":"https:\/\/mfsmarin.com\/wp-content\/uploads\/2026\/03\/Marin-1.jpeg","datePublished":"2026-03-28T10:00:56+00:00","dateModified":"2026-04-03T11:03:28+00:00","breadcrumb":{"@id":"https:\/\/mfsmarin.com\/?page_id=154#breadcrumb"},"inLanguage":"hr","potentialAction":[{"@type":"ReadAction","target":["https:\/\/mfsmarin.com\/?page_id=154"]}]},{"@type":"ImageObject","inLanguage":"hr","@id":"https:\/\/mfsmarin.com\/?page_id=154#primaryimage","url":"https:\/\/mfsmarin.com\/wp-content\/uploads\/2026\/03\/Marin-1.jpeg","contentUrl":"https:\/\/mfsmarin.com\/wp-content\/uploads\/2026\/03\/Marin-1.jpeg","width":1536,"height":2048},{"@type":"BreadcrumbList","@id":"https:\/\/mfsmarin.com\/?page_id=154#breadcrumb","itemListElement":[{"@type":"ListItem","position":1,"name":"Po\u010detna stranica","item":"https:\/\/mfsmarin.com\/"},{"@type":"ListItem","position":2,"name":"Po\u010detna","item":"https:\/\/mfsmarin.com\/"},{"@type":"ListItem","position":3,"name":"Recenzije"}]},{"@type":"WebSite","@id":"https:\/\/mfsmarin.com\/#website","url":"https:\/\/mfsmarin.com\/","name":"Mu\u0161ki frizerski salon Marin","description":"Va\u0161 stil na\u0161a strast - Savr\u0161ena frizura za svaki trenutak","publisher":{"@id":"https:\/\/mfsmarin.com\/#organization"},"potentialAction":[{"@type":"SearchAction","target":{"@type":"EntryPoint","urlTemplate":"https:\/\/mfsmarin.com\/?s={search_term_string}"},"query-input":{"@type":"PropertyValueSpecification","valueRequired":true,"valueName":"search_term_string"}}],"inLanguage":"hr"},{"@type":"Organization","@id":"https:\/\/mfsmarin.com\/#organization","name":"Mu\u0161ki frizerski salon Marin","url":"https:\/\/mfsmarin.com\/","logo":{"@type":"ImageObject","inLanguage":"hr","@id":"https:\/\/mfsmarin.com\/#\/schema\/logo\/image\/","url":"https:\/\/mfsmarin.com\/wp-content\/uploads\/2026\/03\/Marin-logo.jpeg","contentUrl":"https:\/\/mfsmarin.com\/wp-content\/uploads\/2026\/03\/Marin-logo.jpeg","width":1024,"height":1024,"caption":"Mu\u0161ki frizerski salon Marin"},"image":{"@id":"https:\/\/mfsmarin.com\/#\/schema\/logo\/image\/"},"sameAs":["https:\/\/www.instagram.com\/frizerski.salon.marin\/"]}]}},"_hostinger_reach_plugin_has_subscription_block":false,"_hostinger_reach_plugin_is_elementor":false,"_links":{"self":[{"href":"https:\/\/mfsmarin.com\/index.php?rest_route=\/wp\/v2\/pages\/154","targetHints":{"allow":["GET"]}}],"collection":[{"href":"https:\/\/mfsmarin.com\/index.php?rest_route=\/wp\/v2\/pages"}],"about":[{"href":"https:\/\/mfsmarin.com\/index.php?rest_route=\/wp\/v2\/types\/page"}],"author":[{"embeddable":true,"href":"https:\/\/mfsmarin.com\/index.php?rest_route=\/wp\/v2\/users\/1"}],"replies":[{"embeddable":true,"href":"https:\/\/mfsmarin.com\/index.php?rest_route=%2Fwp%2Fv2%2Fcomments&post=154"}],"version-history":[{"count":25,"href":"https:\/\/mfsmarin.com\/index.php?rest_route=\/wp\/v2\/pages\/154\/revisions"}],"predecessor-version":[{"id":502,"href":"https:\/\/mfsmarin.com\/index.php?rest_route=\/wp\/v2\/pages\/154\/revisions\/502"}],"up":[{"embeddable":true,"href":"https:\/\/mfsmarin.com\/index.php?rest_route=\/wp\/v2\/pages\/6"}],"wp:featuredmedia":[{"embeddable":true,"href":"https:\/\/mfsmarin.com\/index.php?rest_route=\/wp\/v2\/media\/273"}],"wp:attachment":[{"href":"https:\/\/mfsmarin.com\/index.php?rest_route=%2Fwp%2Fv2%2Fmedia&parent=154"}],"curies":[{"name":"wp","href":"https:\/\/api.w.org\/{rel}","templated":true}]}}